(5).
-1
Let k(m) = -m**2 - 35*m - 19. Determine k(-28).
177
Let c(k) = k**3 + 5*k**2 - 4*k + 7. Determine c(-8).
-153
Let a(b) = -2*b**2 - 233*b - 3332. Give a(-100).
-32
Let z(f) = 63489*f + 253963. Determine z(-4).
7
Let d(y) = 5*y**2 + 84*y + 352. Calculate d(-8).
0
Let u(g) = 15*g - 299. Calculate u(56).
541
Let u(x) = x**3 + 39*x**2 + 74*x. Give u(-2).
0
Let k(g) = 70*g - 1416. Give k(21).
54
Let b(w) = -4*w**2 + 64*w - 262. Calculate b(11).
-42
Let p(l) = l**2 + 2972*l + 8904. Give p(-3).
-3
Let g(y) = -y**3 - 2*y**2 - 122*y + 407. Give g(3).
-4
Let w(b) = -2*b**3 + 5*b**2 + 51*b - 14. Give w(7).
-98
Let s(q) = q**2 - 64*q - 451. Determine s(71).
46
Let i(k) = -k**3 + 31*k**2 + 9*k - 249. What is i(31)?
30
Let r(d) = -d**2 - 7*d + 111. Determine r(-15).
-9
Let s(m) = m**2 - 72*m + 607. What is s(13)?
-160
Let y(v) = -549*v - 1108. Determine y(-2).
-10
Let s(p) = -p**2 + 520*p + 4759. Give s(-9).
-2
Let v(h) = -h**3 + 47*h**2 - 53*h + 322. Calculate v(46).
0
Let w(d) = 6*d**3 + 15*d**2 - 9*d - 76. Give w(-6).
-778
Let u(j) = j**2 + 52*j - 145. Give u(-54).
-37
Let x(k) = k**2 + 31*k - 30. Calculate x(-32).
2
Let g(n) = -2*n**3 - 10*n**2 - 11*n. Calculate g(0).
0
Let f(h) = -h**3 - h**2 + 41*h - 102. Calculate f(-7).
-95
Let a(n) = -6*n**2 - 12*n + 14. Give a(2).
-34
Let p(a) = -178*a - 102. Calculate p(-2).
254
Let u(q) = 2*q**3 + 9*q**2 + 404*q + 2032. Determine u(-5).
-13
Let t(c) = 194*c + 11038. What is t(-57)?
-20
Let j(d) = 153*d - 2622. Give j(17).
-21
Let b(q) = -q**3 + 41*q**2 + 80*q + 248. What is b(43)?
-10
Let b(s) = 3*s**2 - 210*s - 1233. Give b(-6).
135
Let b(k) = 8*k**2 - 74*k - 559. Calculate b(-7).
351
Let p(n) = 608*n - 8. Determine p(0).
-8
Let t(y) = -11*y + 610. Calculate t(56).
-6
Let o(q) = q**3 - 96*q**2 + 1728*q - 8. Calculate o(72).
-8
Let m(y) = 3*y**3 - 8*y**2 + 12*y + 107. Calculate m(-5).
-528
Let i(z) = 50*z**3 - z**2 + 8*z - 8. Determine i(2).
404
Let n(c) = -1182*c - 30729. Give n(-26).
3
Let q(l) = -4*l**2 - 186*l + 300. Calculate q(-48).
12
Let o(x) = 236*x + 1521. Determine o(-7).
-131
Let a(x) = -x**3 - 11*x**2 + 7*x - 35. Determine a(-7).
-280
Let p(r) = 14*r**2 - 14*r + 32. What is p(2)?
60
Let q(s) = s**2 - 34*s + 20. Give q(35).
55
Let j(c) = -47*c - 130. Determine j(-5).
105
Let h(z) = -3*z**2 + 14*z + 32. Give h(6).
8
Let n(t) = 15*t + 89. Determine n(-28).
-331
Let x(y) = -31*y**2 - 27*y - 14. Determine x(-6).
-968
Let h(k) = 2*k - 143. Give h(54).
-35
Let w(l) = 158*l - 21329. Calculate w(135).
1
Let z(o) = -76*o**2 - 4*o - 2. What is z(-1)?
-74
Let g(s) = -s**2 + 26*s - 25. Calculate g(15).
140
Let d(y) = -2*y**3 - 68*y**2 + 122*y + 8. Determine d(-36).
800
Let a(g) = 2*g**3 - 7*g**2 + 2*g - 66. What is a(6)?
126
Let r(g) = 103*g + 11944. Give r(-116).
-4
Let r(t) = -33*t + 2830. Calculate r(86).
-8
Let i(a) = a**3 + 52*a**2 + 351*a + 570. What is i(-5)?
-10
Let w(l) = -l**3 - 9*l**2 - 6*l + 75. What is w(-5)?
5
Let r(c) = 5*c**2 - 5. Determine r(-5).
120
Let b(o) = -103*o**2 + 46*o. Give b(1).
-57
Let u(f) = -11*f**3 - 208*f**2 + 9*f - 31. Calculate u(-19).
159
Let x(l) = 3*l**3 + 20*l**2 + 10*l - 68. Give x(-5).
7
Let a(r) = r**3 + 62*r**2 - 63*r - 6. Calculate a(-63).
-6
Let u(l) = l**2 + 61*l + 1041. What is u(-32)?
113
Let c(m) = -8*m**2 + 21*m - 58. What is c(9)?
-517
Let b(k) = -k**3 - 43*k**2 - 281*k + 33. Give b(-35).
68
Let q(l) = 522*l - 17868. What is q(34)?
-120
Let w(o) = 163*o + 2662. Give w(-17).
-109
Let a(j) = 250*j + 8246. Calculate a(-33).
-4
Let h(r) = -11*r + 1223. Calculate h(116).
-53
Let f(u) = -19*u**3 - 3*u**2 + 7. Calculate f(-2).
147
Let g(o) = 2*o**3 + 87*o**2 + 106*o - 832. Calculate g(-42).
8
Let n(a) = a**3 - 4*a**2 - 12*a + 26. What is n(2)?
-6
Let u(o) = 2*o**3 - 5*o**2 - 7*o + 2. What is u(3)?
-10
Let u(x) = -x**2 - 8*x + 108. What is u(8)?
-20
Let b(q) = q**3 + 13*q**2 + 57*q + 231. Calculate b(-9).
42
Let t(g) = 2*g**2 - 19*g - 59. What is t(12)?
1
Let g(z) = -z**3 - 2*z**2 - 2*z - 11. Determine g(0).
-11
Let y(n) = 85*n + 1368. Calculate y(-16).
8
Let r(i) = 31*i + 3253. What is r(-98)?
215
Let i(u) = -5*u - 220. Determine i(-30).
-70
Let y(x) = 20*x + 473. Give y(-24).
-7
Let r(j) = 10*j + 47. Calculate r(10).
147
Let u(f) = f**3 + 29*f**2 - 54*f - 1513. Determine u(-29).
53
Let k(r) = -r**2 + 53*r + 2046. Calculate k(-26).
-8
Let z(h) = 2*h**3 - 10*h**2 - 4*h + 34. Calculate z(4).
-14
Let s(u) = -u**3 - 10*u**2 + u + 1. Calculate s(-10).
-9
Let k(c) = c**2 + 64*c - 8004. Calculate k(-127).
-3
Let f(d) = -d**3 - 14*d**2 + 23*d + 8. Determine f(-15).
-112
Let u(s) = -364*s - 34925. Calculate u(-96).
19
Let x(d) = 464*d - 20875. What is x(45)?
5
Let z(m) = m**2 - 17*m + 9. Give z(0).
9
Let v(f) = 105*f**3 + 4*f**2 + f - 2. Determine v(1).
108
Let y(c) = 2*c**3 + 17*c**2 - 40*c - 73. Determine y(-10).
27
Let t(s) = -2*s**3 + 12*s**2 - 17*s - 47. Give t(7).
-264
Let x(h) = -36*h + 1481. Give x(39).
77
Let a(m) = 2*m**2 - 2*m + 2. Determine a(6).
62
Let d(q) = -q**3 - 6*q**2 + q + 669. Calculate d(0).
669
Let l(h) = 5*h**2 + 23*h + 6. Determine l(0).
6
Let d(h) = -214*h + 4553. Calculate d(23).
-369
Let y(o) = -5*o**2 - 56*o - 109. Determine y(-4).
35
Let a(b) = -30*b - 679. Calculate a(-23).
11
Let l(m) = 2*m**3 - 11*m**2 - 49*m + 241. What is l(7)?
45
Let s(a) = 3*a - 2. Determine s(9).
25
Let a(p) = p**3 - 41*p**2 + 33*p + 269. Give a(40).
-11
Let g(m) = m**3 + 73*m**2 + 75*m + 223. What is g(-72)?
7
Let u(t) = t**2 + 222*t - 2484. Determine u(12).
324
Let n(y) = -4*y**2 + 38*y + 1. Calculate n(12).
-119
Let z(d) = 3*d**3 - 4*d**2 - d + 46. Calculate z(7).
872
Let g(y) = 4*y**3 - 18*y**2 + 4*y - 39. Determine g(5).
31
Let q(r) = -556*r - 22802. Calculate q(-41).
-6
Let u(s) = 1640*s - 18049. Calculate u(11).
-9
Let o(b) = 2*b**2 - 46*b - 332. Calculate o(-6).
16
Let k(u) = -34*u**2 - 223*u + 111. What is k(-7)?
6
Let p(b) = 57*b + 700. What is p(-12)?
16
Let x(g) = 43*g - 142. Determine x(3).
-13
Let a(q) = -5*q**3 + 2*q**2 + 5*q + 5. Give a(-1).
7
Let u(t) = -2*t**2 - 39*t + 38. Determine u(-21).
-25
Let l(x) = -x**3 - 71*x**2 + 67*x - 357. Determine l(-72).
3
Let p(j) = -175*j - 693. Determine p(-4).
7
Let n(t) = 86*t - 1367. Determine n(16).
9
Let d(k) = -k**3 - 12*k**2 - 25*k + 13. Determine d(-8).
-43
Let n(b) = -22*b**2 - 16*b + 9. What is n(-2)?
-47
Let a(o) = o**3 - 55*o**2 + 131*o - 1328. Calculate a(53).
-3
Let b(q) = -q**2 - 24*q - 101. What is b(-11)?
42
Let c(f) = -f**3 - 4*f**2 + 91*f + 8. What is c(-12)?
68
Let a(w) = -w - 20. What is a(-4)?
-16
Let a(f) = -804*f - 14478. Give a(-18).
-6
Let c(t) = -t**3 - 3*t**2 + 38*t + 592. What is c(-11)?
1142
Let m(s) = 3*s**3 - 2*s**2 - 225*s + 626. Calculate m(3).
14
Let s(q) = 56*q - 456. What is s(9)?
48
Let n(v) = -6*v - 50. What is n(-30)?
130
Let h(k) = -k**2 - 14*k - 34. Calculate h(-13).
-21
Let g(h) = -4832*h - 77313. Give g(-16).
-1
Let z(t) = -134*t + 7360. What is z(55)?
-10
Let q(h) = -171*h - 270. Give q(-2).
72
Let m(h) = -3*h**2 + 38*h - 104. Determine m(7).
15
Let u(j) = j**2 + 95*j + 1033. What is u(-84)?
109
Let q(u) = 4*u**2 - 69*u + 72. What is q(15)?
-63
Let m(r) = -132*r - 355. Calculate m(-3).
41
Let a(q) = -574*q + 3391. Determine a(6).
-53
Let v(t) = -19*t**3 + 7*t**2 + 2*t - 13. What is v(-2)?
163
Let j(z) = 192*z - 11715. Give j(61).
-3
Let b(n) = -4*n**3 + 12*n**2 + 20*n - 73. Calculate b(3).
-13
Let d(v) = -4*v**3 - 89*v**2 - v + 431. Determine d(-22).
-31
Let x(a) = 1394*a + 9911. Determine x(-7).
153
Let l(m) = -3*m**2 + m + 2. Determine l(4).
-42
Let o(h) = -2*h**3 - 51*h**2 - 27*h - 64. What is o(-25)?
-14
Let g(i) = -236*i - 1405. Determine g(-6).
11
Let s(c) = 7*c**2 - 69*c - 4172. Calculate s(-20).
8
Let u(m) = 28*m - 19. Calculate u(2).
37
Let j(p) = -30*p - 123. Calculate j(-6).
57
Let a(n) = -n**3 + 41*n**2 - 340*n + 717. Give a(7).
3
Let k(f) = -2*f**2 + 63*f - 350. Calculate k(7).
-7
Let d(l) = -36*l + 2. What is d(5)?
-178
Let b(q) = -q**3 - 26*q**2 - 41*q - 341. What is b(-25)?
59
Let h(u) = 253*u - 28590. Give h(113).
-1
Let g(b) = 25*b - 52. What is g(0)?
-52
Let l(f) = 2*f**3 + 44*f**2 + 236*f + 157. Give l(-14).
-11
Let p(q) = -39*q**2 - 25*q. Calculate p(3).
-426
Let h(m) = -19*m**2 + 31*m - 20. What is h(5)?
-340
Let v(q) = -5*q**2 - 5*q + 8. Deter